 highest common divisor of 71117 and 1379?
197
What is the highest common factor of 655470 and 135?
45
What is the greatest common divisor of 278691 and 14329?
161
What is the highest common divisor of 18 and 267642?
18
What is the highest common factor of 2820 and 68244?
564
What is the greatest common factor of 28366 and 338?
26
Calculate the greatest common factor of 2758 and 2744.
14
Calculate the highest common factor of 161 and 5497.
23
What is the highest common factor of 7056 and 29624?
56
Calculate the greatest common divisor of 7161 and 1953.
651
Calculate the highest common divisor of 602 and 959.
7
What is the highest common factor of 473 and 10747?
11
What is the greatest common divisor of 27 and 285543?
9
Calculate the highest common divisor of 43797 and 429.
39
Calculate the greatest common divisor of 590701 and 29.
29
What is the highest common divisor of 481461 and 3348?
93
What is the highest common divisor of 335523 and 291?
291
Calculate the highest common divisor of 279500 and 15652.
2236
What is the greatest common divisor of 3713450 and 1970?
1970
Calculate the highest common divisor of 12924 and 1795.
359
Calculate the greatest common factor of 1344 and 378224.
112
What is the highest common divisor of 29161 and 2892?
241
What is the greatest common divisor of 33300 and 333?
333
What is the greatest common factor of 210026 and 38?
38
Calculate the highest common divisor of 13475 and 22995.
35
What is the greatest common divisor of 176 and 93368?
88
Calculate the greatest common divisor of 568 and 73896.
8
What is the greatest common factor of 532627 and 2261?
323
Calculate the highest common factor of 2130855 and 15.
15
What is the highest common factor of 154 and 82208?
14
Calculate the highest common factor of 1096 and 1023938.
274
What is the greatest common divisor of 45198 and 124?
62
What is the greatest common factor of 3128 and 8142?
46
Calculate the greatest common factor of 13123 and 34597.
1193
Calculate the greatest common factor of 1980 and 384.
12
Calculate the greatest common factor of 12893 and 1.
1
What is the greatest common factor of 49569 and 3731?
533
What is the highest common divisor of 1770 and 4602?
354
Calculate the highest common divisor of 500 and 565200.
100
What is the greatest common divisor of 70 and 378?
14
Calculate the highest common factor of 1359 and 531.
9
Calculate the greatest common divisor of 30600 and 488.
8
Calculate the highest common divisor of 3700 and 88541.
37
What is the highest common factor of 10 and 5470?
10
Calculate the greatest common divisor of 92553 and 3.
3
What is the greatest common divisor of 22 and 2511366?
22
What is the greatest common factor of 848 and 752?
16
What is the greatest common divisor of 209281 and 344?
43
What is the highest common divisor of 1818 and 9494?
202
What is the highest common factor of 15529 and 110168?
293
Calculate the highest common divisor of 224480 and 115.
115
Calculate the greatest common divisor of 319518 and 1464.
366
Calculate the highest common factor of 28749 and 333.
111
What is the greatest common divisor of 48 and 174444?
12
What is the highest common factor of 1946 and 133996?
278
Calculate the highest common factor of 151768 and 1.
1
Calculate the greatest common factor of 504874 and 470.
94
What is the greatest common factor of 221522 and 28?
14
Calculate the greatest common divisor of 3 and 127424.
1
What is the highest common factor of 670 and 2322890?
670
Calculate the greatest common factor of 198 and 616968.
198
Calculate the highest common divisor of 106079 and 7943.
47
Calculate the greatest common factor of 39 and 424684.
13
Calculate the greatest common factor of 540 and 30620.
20
What is the highest common factor of 567 and 31227?
21
What is the highest common divisor of 269886 and 1488?
186
What is the greatest common factor of 1636178 and 398?
398
What is the highest common factor of 370 and 1109630?
370
Calculate the greatest common factor of 45 and 26295.
15
What is the highest common factor of 276 and 2232012?
276
Calculate the highest common divisor of 15952 and 736.
16
What is the greatest common divisor of 3285 and 90?
45
Calculate the greatest common divisor of 115 and 905.
5
Calculate the highest common factor of 761 and 109.
1
What is the greatest common divisor of 15 and 10155720?
15
Calculate the highest common factor of 100 and 141728.
4
What is the highest common divisor of 7620 and 7430?
10
Calculate the greatest common divisor of 441 and 20335.
49
What is the highest common divisor of 20 and 3865?
5
Calculate the greatest common divisor of 50384 and 564.
188
Calculate the greatest common factor of 64 and 7792.
16
What is the greatest common divisor of 91128 and 96?
24
Calculate the greatest common divisor of 26 and 57577.
13
Calculate the greatest common divisor of 9708 and 3.
3
Calculate the greatest common divisor of 104 and 43576.
104
What is the greatest common factor of 603 and 41808?
201
What is the highest common factor of 405264 and 144?
48
Calculate the highest common divisor of 343616 and 624.
208
What is the highest common divisor of 149580 and 28620?
540
Calculate the highest common divisor of 208 and 50908.
52
Calculate the highest common factor of 33901 and 25172.
203
What is the highest common divisor of 88 and 2662?
22
What is the greatest common divisor of 1078 and 187418?
154
What is the highest common divisor of 69 and 29862?
3
Calculate the highest common divisor of 8600 and 5800.
200
Calculate the highest common factor of 29920 and 528.
176
Calculate the greatest common divisor of 42735 and 1631.
7
What is the greatest common divisor of 206557 and 26?
13
Calculate the greatest common divisor of 1580267 and 13.
13
Calculate the greatest common divisor of 2321496 and 24.
24
Calculate the highest common divisor of 141 and 265033.
47
Calculate the highest common factor of 2622 and 3013.
23
What is the greatest common factor of 48 and 758040?
24
What is the highest common factor of 6 and 122358?
6
Calculate the greatest common divisor of 1430 and 11264.
22
What is the greatest common factor of 28790 and 40?
10
Calculate the greatest common divisor of 9129 and 14499.
537
Calculate the greatest common factor of 5346 and 2134.
22
What is the greatest common factor of 4743060 and 56?
28
What is the highest common factor of 288 and 85728?
96
Calculate the greatest common divisor of 157 and 525479.
157
What is the greatest common factor of 46 and 410918?
46
Calculate the greatest common factor of 342 and 10013.
19
What is the highest common divisor of 8652 and 168?
84
What is the greatest common factor of 12 and 446552?
4
What is the highest common divisor of 268 and 11515290?
134
What is the greatest common divisor of 173632 and 192?
64
Calculate the greatest common divisor of 124534 and 710.
142
What is the greatest common factor of 31510 and 230?
230
What is the greatest common factor of 26257 and 868?
217
What is the highest common divisor of 1639 and 2816?
11
What is the greatest common factor of 2703886 and 2396?
1198
Calculate the highest common factor of 247979 and 145.
29
What is the greatest common divisor of 17578 and 17?
17
Calculate the greatest common factor of 10008 and 297.
9
What is the greatest common factor of 636 and 2076?
12
What is the highest common divisor of 24320 and 3610?
190
What is the greatest common divisor of 110 and 18835?
5
What is the highest common factor of 926452 and 8?
4
What is the greatest common factor of 406 and 74690?
14
What is the greatest common factor of 259 and 4255?
37
Calculate the greatest common factor of 21390 and 21855.
465
What is the highest common factor of 148741 and 1334?
667
What is the greatest common factor of 87 and 119451?
87
Calculate the greatest common divisor of 2313 and 1179.
9
Calculate the highest common divisor of 9 and 50319.
9
Calculate the highest common factor of 72004 and 21808.
188
What is the highest common factor of 315196 and 28?
28
Calculate the greatest common factor of 2496 and 1170.
78
Calculate the highest common divisor of 75 and 62295.
15
What is the greatest common divisor of 69068 and 1116?
124
What is the highest common factor of 4065 and 7845?
15
What is the greatest common divisor